 - 3 - p*f**2. What is o(4)?
1
Let p(u) be the third derivative of -2*u + 1/3*u**3 + 1/24*u**4 - 5*u**2 + 0. Determine p(2).
4
Let f(j) = -j**3 + 1 - j**2 - 2*j**3 + 2*j**3 - 12*j**3 + 9*j**3. Let w(u) = u + 1. Let g be w(-2). Let i = 2 + g. Give f(i).
-4
Let v(z) = 14*z + 4. Let b be v(-4). Let w = 49 + b. Let x(r) = r**3 + 3*r**2 + 2*r - 1. What is x(w)?
-7
Suppose 39*c = c - 228. Let x(a) be the first derivative of a**3/3 + 4*a**2 + 5*a + 22. Give x(c).
-7
Let a = 59 + -63. Let t(n) be the second derivative of -n**3/3 - 3*n**2/2 + 3*n. Calculate t(a).
5
Suppose 30 = 13*d + 4. Let m(o) = -d + 5*o - 2 + 4. What is m(1)?
5
Let i(f) be the second derivative of f**6/120 - 2*f**5/15 + 7*f**4/24 - f**3/2 - 69*f**2 + 7*f - 2. Let n(j) be the first derivative of i(j). Calculate n(7).
-3
Let x be 2 + (-26)/10 - 366/(-10). Suppose -x = -4*t - 5*t. Suppose 0 - 5 = 5*r + t*n, n + 20 = 5*r. Let g(h) = -h**2 + 2*h - 1. Give g(r).
-4
Suppose 0 = -4*t - 2*o + 10, 5*o - 9 = -5*t + 3*t. Suppose -29*u = -21*u - 408. Let c(p) = -u + 8*p + 53 - 5*p. Give c(t).
8
Suppose 31*c - 300 + 943 - 240 = 0. Let h(y) = -y**3 - 15*y**2 - 23*y + 38. What is h(c)?
-1
Let d(b) be the first derivative of -b**4/4 - 2*b**3 + 2*b**2 - 12*b + 2788. What is d(-6)?
-36
Let s(m) be the third derivative of -1/24*m**4 + 5/2*m**3 - 3/40*m**5 - 29*m**2 + 0*m + 0. Let t(f) be the first derivative of s(f). Calculate t(1).
-10
Let w = -5929 - -5933. Let l(b) = -b**2 + 8*b - 9. Give l(w).
7
Let u(x) = x - 21. Let v be u(12). Let y = v + 12. Let i(l) = 4*l**2 + 3*l + y*l + 4*l + 1 - 7*l. Calculate i(-2).
11
Let t(w) be the third derivative of w**4/8 - 5*w**3/6 + 227*w**2. Calculate t(4).
7
Let f(o) = -o**3 - 10*o**2 - o - 4. Let s(k) = -6*k + 86. Let n = -129 - -145. Let r be s(n). Give f(r).
6
Suppose -3*u + 10 = -10*c - 7*u, -4*c - u - 7 = 0. Let z(m) = m + 22. Calculate z(c).
19
Let t(o) = -o**3 + 5*o**2 - 8. Suppose -4*k + 10*i = 14*i - 28, -5*k + 33 = 4*i. Determine t(k).
-8
Let r(p) = -5*p - 2. Let s be 3/(24/10)*-12. Let y(v) = 36*v + 15. Let j(b) = s*r(b) - 2*y(b). Let d be (-10 - 1360/(-230)) + (-4)/(-46). Give j(d).
-12
Let a(z) be the third derivative of -z**4/24 - 5*z**3/6 - 325*z**2. Calculate a(-7).
2
Let t(v) = v**3 - 28*v**2 - 29*v - 11. Let o be (3 - 1)/(-6) - 1672/(-57). Give t(o).
-11
Let c = -36 - 3. Let s = c + 79. Let h = s - 49. Let n(z) = -z**2 - 9*z - 10. Calculate n(h).
-10
Let k(i) be the third derivative of i**5/60 - i**4/24 - 3*i**3/2 + 470*i**2 + i. Determine k(4).
3
Let x be -17 - (-144)/(32/2). Let l = -5 + 7. Let b(z) = -z + l*z - 2*z - 6. What is b(x)?
2
Let p = -11817 - -11795. Let f(b) = b**2 + 19*b - 82. What is f(p)?
-16
Let q(l) be the third derivative of -l**6/60 - l**5/60 - l**4/8 - 7*l**3/6 + 1694*l**2. Calculate q(-3).
47
Let i(b) be the first derivative of 2 + 0*b - 1/2*b**3 + 1/120*b**6 - 1/4*b**4 + 5*b**2 - 1/15*b**5. Let p(a) be the second derivative of i(a). What is p(5)?
-8
Let h(m) = -334*m - 1668. Let o be h(-5). Let y(p) be the second derivative of -1/3*p**3 + 0 - 1/12*p**4 - o*p**2 - 3*p. Determine y(-4).
-12
Let f(d) = -5*d + 176*d**2 - 23*d - 27 - 65*d**2 - 60*d**2 - 48*d**2. Determine f(11).
28
Let n(l) = -15*l**3 + 5*l**2 + 9. Let b(p) = p**2 + p + 1. Let x(z) = -5*b(z) + n(z). Let q(j) = -j**3 - 2*j + 1. Let u(k) = 3*q(k) - x(k). Calculate u(-1).
-12
Let x(j) be the second derivative of -j**5/20 - 11*j**4/12 - 5*j**3/3 + 7*j**2 - 3152*j. What is x(-10)?
14
Let c(s) = 31*s**2 + 37 + 18486*s**3 + 30*s + 30 - 18487*s**3. Give c(32).
3
Let x(i) = 517*i**2 - 176*i**2 - 1 + 60*i**3 - 165*i**2 - 175*i**2. Calculate x(1).
60
Let m(l) = 8*l**3 - 2*l**2. Suppose 4*a = -5*f + 21, 0 = f - 4*f - 3*a + 15. Let w be m(f). Let y(x) = -15*x - w + 13*x + 3*x. Give y(8).
2
Let s(l) be the third derivative of -l**6/120 + 2*l**5/15 - l**4/6 + 5*l**3/6 + 326*l**2. What is s(8)?
-27
Suppose 2*j - 7 = 5. Let m(b) = 2540*b - 5079*b**2 + 3 + 5086*b**2 - b**3 - 2546*b. Determine m(j).
3
Let c(h) = -409*h**3 - 9*h**2 + 11*h - 11. Let u(p) = 368*p**3 + 8*p**2 - 10*p + 10. Let v(o) = 9*c(o) + 10*u(o). Determine v(3).
-38
Let o(v) = 5*v**2 + 4*v - 2. Let n = 20031 - 20027. Give o(n).
94
Suppose -3399 = 13*c - 643. Let g = 209 + c. Let l(n) = n**3 + 3*n**2 + n + 2. Give l(g).
-1
Let y(f) be the first derivative of -f**4/4 - 7*f**3/3 + 9*f**2/2 + 2*f - 1. Suppose 7*c - 43*c + 1222 = 1510. Determine y(c).
-6
Let t(q) = -2*q - 1 - 13*q**2 - q**2 + 3*q + 0*q**2. Let c(f) = f**3 - 3*f**2 - 4*f + 3. Let l be c(4). Let r be ((-3)/(-9))/(l/9). Calculate t(r).
-14
Suppose -7*n + 74 = 10*a - 4*n, 2*a + n - 18 = 0. Let w(r) = 9*r - 4. Let m(x) = 8*x - 4. Let p(o) = -6*m(o) + 5*w(o). Calculate p(a).
-11
Let w be (10/7)/((-3)/(-21)). Let u(z) be the third derivative of z**4/24 - 4*z**3/3 - 10*z**2. Calculate u(w).
2
Let c(o) = -4*o**2 + 104*o + 22. Let k(x) = -x**2 + 21*x + 4. Let t(b) = -2*c(b) + 11*k(b). Let u(g) = -g**2 + 8*g - 1. Let p(n) = 2*t(n) - 7*u(n). Give p(9).
-2
Let x(r) = 13*r - 69. Suppose -m = 4*u - 15, 2*u + 11*m - 15*m = 30. Give x(u).
-4
Suppose 3*q + 9 = 3*m, 17*m - 12*m + 5*q - 55 = 0. Let k(g) be the second derivative of 7/12*g**4 - 2*g - 1/20*g**5 + 1/6*g**3 + 0 - 7/2*g**2. What is k(m)?
0
Let q(k) = -k**3 - 37*k**2 - 35*k + 38. Suppose 4*z - 4*j + 218 = 78, 3*j - 141 = 4*z. What is q(z)?
2
Let n(v) = 10*v**3 - v**2 - 2*v. Suppose 3*h - 9 = 2*q - 16, 0 = 5*q + 4*h + 17. Calculate n(q).
-9
Let b(r) = 3*r - 37. Let y = -326 - -328. Suppose y*f + 4*u = 8*u + 20, 3*u + 57 = 5*f. Determine b(f).
-1
Let i(c) = -22*c**3 - 28 - 4*c - 7*c - 46*c - 7*c**2 + 2*c**3 + 21*c**3. What is i(12)?
8
Let m be 272/408*3/2. Let w(b) = -48*b**3 - b**2 + 3*b - 2. Determine w(m).
-48
Let a(b) = 73*b - 34*b - 19 + 2 + 2 - 40*b. Let i be (-15)/2*(4 + -2). Let m be a(i). Let w(s) = -s**3 - s + 7. What is w(m)?
7
Let u be -4 - (-5 - -7)*12/24. Let w(b) = 16*b + 49. Give w(u).
-31
Let t(h) be the first derivative of 1/2*h**2 - 4/3*h**3 - 111 + h + 1/4*h**4. Give t(2).
-5
Let v(h) be the first derivative of -17*h**2/2 + 50*h - 8596. Calculate v(8).
-86
Let r(o) = o**3 - 2*o**2 + o - 1. Suppose 10 = -6*w + 34. Suppose 0 = w*c - c - 6. What is r(c)?
1
Let x = -217 + 226. Let q(m) = -m**2 + 12*m - 29. Determine q(x).
-2
Let n(c) = -c**3 + 4*c**2 + 4*c + 5. Let r be n(5). Let j(k) = -21*k**2 - 11*k + 4. Let f(v) = 17*v**2 + 9*v - 4. Let q(w) = 5*f(w) + 4*j(w). Calculate q(r).
-4
Let r(z) = -2*z**2 - 3*z + 2*z - 9*z**3 + 0*z**2. Suppose 9*p - 3*p - 1272 = 0. Let s = 211 - p. Calculate r(s).
8
Let j(k) = -k + 8. Let z be j(8). Let w(g) = 0*g - g + 0*g**2 + g**2 + z*g - 1. Suppose 3*c - 25 = -4*y, 5*c = -2*y + 3*y + 11. Determine w(y).
11
Let u(x) = -x**3 + 5*x**2 - 5*x + 4. Let t = 6120 + -6118. Calculate u(t).
6
Let a be -283 - (-3 - (-3 + 0 + -1)). Let u be a/(-12) + -4 + 20/6. Let t(z) = u*z - 24*z - z**3 + 4 - 16. What is t(0)?
-12
Let w(y) be the first derivative of -2*y**3/3 + 3*y**2 + 25*y - 1195. What is w(9)?
-83
Suppose -3*b = -4*k + 21, -b + 0*b = -4*k + 15. Let v = -6 - k. Let x(o) be the third derivative of o**5/60 + 3*o**4/8 - o**3 + o**2. What is x(v)?
-6
Suppose 0 = -5*j - 5*h + 45, 5*j = 2*h + 78 - 68. Let b(x) = -2*x**2 + 6*x + 12. Calculate b(j).
4
Let t be ((-118)/(-177))/(2/(-6)). Let h(u) = -14*u + 2. What is h(t)?
30
Let w(o) = -o**3 - o**2 + 2. Let n(h) = -3*h**3 - 5*h**2 - h + 8. Let t(g) = -n(g) + 4*w(g). What is t(-2)?
10
Let f(o) = -13*o**3 + 3*o**2 - 15*o + 70. Let d(x) = 2*x**3 + 4*x**2 + 2*x. Let z(n) = -6*d(n) - f(n). Give z(27).
11
Let m(h) = -h**2 + 5*h + 4. Let d(j) = 3*j + j**2 + 3*j + 12*j - 4*j + 6. Let t be d(0). Calculate m(t).
-2
Let w(z) be the third derivative of -z**6/120 + z**5/30 - z**4/8 + 2*z**2 - 36. Let i = -37 + 64. Let n = -25 + i. Calculate w(n).
-6
Let l(x) = -14*x + 25. Let n(o) = -4*o + 1. Let q(p) = l(p) - 5*n(p). What is q(-9)?
-34
Let m = 2653 - 2661. Let n(u) = 2*u**2 + 19*u + 33. What is n(m)?
9
Let b(f) be the first derivative of f**4/4 + 14*f**3/3 + 23*f**2 - 29*f + 5445. Calculate b(-7).
-8
Let q(y) = -5*y + 101. Let w be (-6 + 39/(-6))*8/((-32)/8). Determine q(w).
-24
Let n(b) = 4*b**2 - 4*b + 4. Let z(q) = -q**2 - q + 1. Let t be (-28)/(-28)*(-1)/2*-6. Let o(h) = t*z(h) + n(h). Determine o(5).
-3
Let y(z) = -2*z**3 - 13*z**